+ 1 + -8?
-6
What is the value of 1 - (0 - 0) - 1?
0
Evaluate -28 + 14 + 10 + (2 - 0).
-2
Calculate 2 + -7 + 1 + -2.
-6
What is -5 - ((0 - 2) + 0) - -6?
3
1 - 0 - (20 - 14)
-5
What is the value of 3 - 3 - -2 - 1 - -1?
2
What is (8 - (-8 - -19 - 8)) + 5?
10
What is the value of (1 - -2) + (11 - 14)?
0
What is the value of -57 + 50 - (-2 - 12)?
7
What is 4 + -4 + (-2 - -5)?
3
9 - (1 + 7 + -2)
3
What is (3 - (1 + 0)) + -1 - 1?
0
Evaluate -11 - (-16 + 20 + -10).
-5
(9 - 20) + -3 - (-6 - 1)
-7
Calculate 3 - -5 - (3 - -12).
-7
What is 0 - 1 - (-42 + 37)?
4
Evaluate (2 - ((3 - -1) + -3)) + -7.
-6
What is the value of (-17 - (2 + -16)) + 3?
0
Calculate 3 - -2 - (14 + -8).
-1
What is 0 - ((1 - (0 - -2)) + 0)?
1
11 + (1 - (0 + 3))
9
Calculate 0 + -6 + (2 - (-6 + 0)).
2
-2 + (-4 - -1) + 6
1
0 + (3 - 5) - 0
-2
Calculate 1 + (-1 - 1) - (9 + -3).
-7
What is 2 - (12 - (7 + 1 - 2))?
-4
Calculate 3 - (3 - (5 - 5)) - 2.
-2
Evaluate -1 - 4 - (-19 - -17).
-3
53 + -51 + (5 - 1)
6
Evaluate 0 - (2 - (7 - (-7 - -17))).
-5
What is the value of (0 - 5 - -8) + -2 - 2?
-1
7 + -1 + -20 + 11
-3
Calculate 4 - 1 - (-8 - -8).
3
What is the value of -2 - (6 + -7 + -3 + -3)?
5
Calculate (0 + 2 - 3) + -5 + 2.
-4
5 + (-4 - (0 - -3))
-2
(-1 - 5) + (-15 + 15 - -2)
-4
Evaluate -2 + -1 - (4 + -4 + 1).
-4
-5 + 4 + 4 - (9 + -11)
5
Calculate (-2 - -6) + (0 + 0 - 3).
1
Evaluate -4 - -9 - 1 - (3 - 1).
2
What is (13 - 3) + (-1 - (5 + -1))?
5
Calculate 9 - 5 - (10 + 0 + -1).
-5
What is the value of (11 - 10) + (4 - 3) + -8?
-6
Calculate 0 + (4 - 4 - 5).
-5
What is (3 - (4 - -1)) + 6?
4
What is -10 + (-2 - (4 - 2 - 7))?
-7
Calculate -2 - (-3 + (6 - 4)).
-1
What is the value of (5 - 1) + -9 + -1 + 2?
-4
5 + 7 + -4 - (1 + -3)
10
(2 - (-2 + 5)) + 1
0
What is the value of 14 - 12 - (0 - -1) - 5?
-4
-2 + 0 + 0 + 7 - 0
5
What is the value of (-1 + -2 - -6 - 7) + 11?
7
35 + -46 + (23 - 3)
9
What is the value of -1 + 3 + (-7 - -5) + -2?
-2
What is the value of -6 + -1 + (2 - 3) + 4?
-4
What is the value of -1 + -1 + (7 - 3)?
2
What is 2 + 1 + -6 + 9 + -3?
3
What is -6 - (1 + 1 + -5)?
-3
What is 4 - (-13 - -18) - -1?
0
What is -7 + 8 + 0 + 5?
6
Evaluate (-4 - -3) + (-6 - -3) + 4.
0
Calculate 4 - (-7 + -5 + 13).
3
Calculate 6 - (-2 + -3 + 16).
-5
What is the value of (4 - (8 + (-7 - -2))) + -4?
-3
1 + -1 + -4 + -1
-5
What is (6 - -1) + -60 + 61?
8
What is 0 + 2 + (0 - -1) + -3?
0
5 - (0 - 4 - -7)
2
What is the value of -1 + (1 + -7 - -4)?
-3
What is -5 - (-5 + (-10 - -2))?
8
What is the value of -1 - (17 + -20 - (2 - 1))?
3
Calculate -2 + 5 + (11 + 9 - 12).
11
What is -1 + 1 + 10 + -6?
4
What is -4 - ((1 - 0) + -7 + 5)?
-3
Evaluate (11 + 1 - (2 + 1)) + -4.
5
Calculate 0 + 0 - (-12 - (-9 + -1)).
2
What is -5 - (0 + -1 - (21 + -19))?
-2
What is the value of -13 + (5 - (-3 + 4)) + 5?
-4
-3 + (10 - 4) + 5
8
Evaluate -1 + -4 + (16 - (6 - 0)).
5
What is the value of -3 - 3 - (-4 + -2 + 5)?
-5
What is the value of -2 - (2 + -4 + 6 + -4)?
-2
Calculate 6 - 10 - (-12 + 5 + 1).
2
What is 3 - (2 - -1) - 0?
0
Calculate -6 + (-4 + 6 - 0).
-4
2 + 7 + -5 + -2
2
What is the value of -2 - (4 + -4 + -3 - -1)?
0
Calculate 4 + 1 + -6 + 3.
2
Evaluate 1 + -1 + (-7 - (-1 - 3)).
-3
Calculate -17 - (-6 + 1 - (6 - 4)).
-10
What is the value of (-10 - 8) + 5 + 5?
-8
-1 - (1 + -2) - -5 - 1
4
Evaluate (3 - (-9 + -4 + 9)) + -2.
5
What is 3 - -5 - 6 - (-6 + 3)?
5
3 + -9 + (4 - 1)
-3
Evaluate 3 - (0 + 5 - 2).
0
112 + -108 + (-6 - -1)
-1
-8 - ((-8 - -14) + -7)
-7
Calculate -3 + -9 + 6 + 2.
-4
45 + -39 + (1 - 0)
7
Evaluate 2 - -1 - (-14 - -10 - -10).
-3
What is -1 + 3 + (-9 + 8 - -4)?
5
Evaluate -2 + -4 + 4 + 2 - -1.
1
-2 - -6 - (0 + 3)
1
Evaluate (0 + 4 - 7) + -1 + 1.
-3
What is the value of 1 + -9 - (5 + -9)?
-4
Calculate (6 - (9 - 5)) + -2 + 0.
0
What is -7 + 0 - (1 - (4 - 1))?
-5
4 - (-4 + 1 + 4)
3
-10 + (-1 - -27) + -7
9
What is the value of -8 - (-10 - (8 + -12))?
-2
Calculate 4 + (-6 - -4) - 7.
-5
What is the value of 0 - (-6 - -8) - (-3 - 5)?
6
What is the value of (12 - 12) + (-2 + 0 - 1)?
-3
What is (0 - 1) + (4 - -2)?
5
-3 - (0 + 2) - (47 + -44)
-8
What is -8 - (-15 + 3 + 2)?
2
Evaluate -3 + 7 + 4 - 1 - 7.
0
6 + -5 - -2 - (0 + 3)
0
Calculate 0 - 8 - (7 - 13).
-2
What is the value of -7 + -1 + 9 + 1 + -6?
-4
0 + 1 + -2 - 2
-3
What is 4 + (-3 - (8 - 4)) + -2?
-5
What is (-7 - -5 - 3) + 2 + 8?
5
What is the value of (-8 - -3) + (8 - (5 - 4))?
2
What is (3 - 8) + 6 + 7?
8
(0 - -7) + 1 + -4
4
What is 3 - (0 + (2 - (-4 + 5)))?
2
What is (-8 - (1 - 2)) + (9 - 0)?
2
0 + 8 + -20 + 4
-8
What is the value of 7 + -3 + 1 + -7?
-2
What is the value of (12 - (-7 - (-17 + 5))) + -3?
4
What is -4 - (3 - (2 - -3))?
-2
-1 - (-2 + 1 + 0) - -2
2
Calculate 4 + -9 + (1 - -3).
-1
What is the value of -3 - (-1 - 9) - (-10 + 11)?
6
Calculate -6 - (-1 + (-4 + 3 - 2)).
-2
Evaluate 3 + -4 + -1 + 4 + -1.
1
Calculate 14 - 0 - (12 + -10 + 4).
8
2 + -4 + -2 + 1
-3
-1 + -3 - (-1 + 2 + -3)
-2
What is (5 - 1) + -7 + 2 + 3?
2
Calculate 1 - (3 + (-6 + 4 - -4)).
-4
What is (4 - (4 + 1)) + -10?
-11
What is the value of -1 - -7 - (26 + -16)?
-4
Calculate 6 - ((1 - (9 - 5)) + 6).
3
Evaluate (-3 - -4) + 0 - -4.
5
What is the value of 0 - 5 - (-1 + -2)?
-2
-9 + 1 + (2 - -2)
-4
Evaluate 32 + -35 - (1 + 0).
-4
Evaluate -3 + -1 + (3 - 1).
-2
Evaluate 11 + -11 + (2 - (0 + 0)).
2
What is 3 - -1 - (4 + (-2 - 3))?
5
0 + 3 - (-2 + (1 - 1))
5
Evaluate -5 + 1 + (3 - (-14 - -15)).
-2
What is 4 - (0 + 1) - 4?
-1
What is -2 + 2 - (-14 + 18)?
-4
What is the value of -5 + (8 + -2 - -4)?
5
What is the value of 7 + 0 + 82 + -87?
2
Evaluate -4 - (-11 + 3 + 3 + 2).
-1
Calculate 48 - 43 - (-1 - -9).
-3
(7 - 3) + -1 + -6
-3
Calculate 4 - 5 - ((-2 - -6) + -3).
-2
What is (12 - 20) + -2 + 4?
-6
What is -4 - ((-8 - -4) + 1 + 2)?
-3
What is -9 + -4 + 6 - -2?
-5
What is the value of -4 - -4 - ((0 - -1) + -1)?
0
What is (4 - 0) + (0 + 2 - 1)?
5
(44 - 44 - (-3 + -1)) + -4
0
What is -10 - -8 - (-1 + 0) - 4?
-5
What is the value of 4 + (4 - 7) + 3?
4
What is the value of 0 + (-3 - -1) + 7 + -10?
-5
Calculate -10 - (-1 + 2 + -6).
-5
-6 + (9 - -8) + -7
4
Evaluate 4 + (-1 + -3 - -1).
1
Calculate -2 - (9 - 12) - -2.
3
What is (3 - -3) + (1 - 4) - 1?
2
-3 + -2 - (-4 + 6 - 2)
-5
4 + -4 - (2 + (1 - 6))
3
What is 10 + 0 + -29 - -12?
-7
Evaluate -3 - 1 - (5 + -4) - -4.
-1
-4 + 0 - (-7 - 1)
4
What is the value of -1 + (-6 - (4 + -4))?
-7
5 - ((7 - (-1 - -6)) + 2)
1
What is the value of 2 + -2 + (0 - 0 - 7)?
-7
Calculate 13 + (-5 - 15) - 3.
-10
What is 63 - 61 - (13 + -2 + 2)?
-11
0 + -6 - (3 - 0)
-9
1 - (-6 + 4 - 2)
5
What is the value of -9 + 5 + 2 + 4?
2
Evaluate 0 + (-4 - 1) + (-2 - -4).
-3
What is -7 - (-1 + (-1 - 3) + 4)?
-6
1 - 2 - (-3 + 4 + -7)
5
What is 6 - (0 + (-6 - -7))?
5
Evaluate (-1 - 1) + (16 - 16).
-2
Evaluate -3 - (-9 + (-4 + -3 - -6)).
7
Evaluate -10 + (-2 - -12 - (6 - 1)).
-5
What is 33 + -35 - (1 - (-1 + 2))?
-2
Evaluate -3 - ((-4 - 3) + 3).
1
Calculate 1 + 3 + 1 - 6.
-1
What is -10 + -6 + (26 - 9)?
1
Evaluate (3 - -1) + (-31 - -21).
-6
Evaluate 0 - (3 - (7 - 3)) - 1.
0
What is the value of -24 - -24 - (1 - -4)?
-5
Evaluate 3 - (-3 + 1) - (-4 + 9).
0
-13 + 13 + (2 - (-2 + 3))
1
Calculate (-6 - (-10 - 0)) + 0.
4
Calculate (28 - 33 - (-19 + 0)) + -8.
6
-1 - -2 - (-4 + 2 + -2)
5
What is -5 + 6 + -4 - (-3 + -2)?
2
Evaluate 11 + -1 + -5 - 5.
0
3 - (-2 - (-10 + 1) - -1)
-5
Evaluate -2 + (-1 - (4 - (4 + 1))).
-2
What is the value of 1 + -4 + 4 + -4 + 4?
1
What is 3 + -14 + 17 - 4?
2
Evaluate -11 - (-3 + -4 + 3).
-7
Evaluate 4 + (0 - 8) + 3 + -3.
-4
Calculate (2 - -2) + -84 + 85.
5
Evaluate 2 + 0 + -2 + 9 + -4.
5
Evaluate -3 + (4 - 2) - 0 - -4.
3
Calculate 1 - -4 - 2 - (26 - 17).
-6
Calculate 0 + (13 - 15 - (-3 + 4)).
-3
What is the value of -4 - -3 - -2 - (1 - 0)?
0
What is -2 + (-1 - (-1 - 1))?
-1
Calculate 4 - (-3 + -3 + (22 - 5)).
-7
Calculate 2 - (-1 + 0 + -2 + 10).
-5
What is (13 + -3 - 6) + -2 + -1?
1
What is the value of -2 - (8 + -2 + -5)?
-3
Calculate -3 - ((-25 - -22) + -5 + 1).
4
Calculate 23 + -24 + -9 + 4.
-6
Evaluate (2 - 8 - -3) + 0.
-3
Calculate (-11 - -14) + (-1 - 0 - 0).
2
What is -8 + -12 + 21 + -5?
-4
-4 + (4 - (13 + -8))
-5
Evaluate 1 - (1 + 1 + (-6 - -5)).
0
Evaluate (-5 - -4) + 7 - 7.
-1
Evaluate (7 - -1) + (2 - 14).
-4
4 - ((1 - (2 + 1)) + 1)
5
What is -4 + 4 + -3 +